{"id":32,"date":"2021-04-05T03:23:04","date_gmt":"2021-04-05T03:23:04","guid":{"rendered":"https:\/\/shtheme.org\/demosd\/arcprime\/?page_id=32"},"modified":"2025-05-05T08:48:39","modified_gmt":"2025-05-05T08:48:39","slug":"about","status":"publish","type":"page","link":"https:\/\/viva-expo.com\/%e4%b8%ad%e6%96%87\/about\/","title":{"rendered":"About"},"content":{"rendered":"<div data-elementor-type=\"wp-page\" data-elementor-id=\"32\" class=\"elementor elementor-32\" data-elementor-post-type=\"page\">\n\t\t\t\t<div class=\"elementor-element elementor-element-a6fd67f e-con-full e-flex e-con e-parent\" data-id=\"a6fd67f\" data-element_type=\"container\">\n\t\t<div class=\"elementor-element elementor-element-a5e0829 e-con-full e-flex e-con e-child\" data-id=\"a5e0829\" data-element_type=\"container\">\n\t\t\t\t<div class=\"elementor-element elementor-element-68299ed elementor-align-left elementor-widget elementor-widget-bdevs-banner\" data-id=\"68299ed\" data-element_type=\"widget\" data-widget_type=\"bdevs-banner.default\">\n\t\t\t\t<div class=\"elementor-widget-container\">\n\t\t\t\t\t\t\t<!-- Banner Title -->\n\t    <div class=\"ready banner-padding bg-img\" data-overlay-dark=\"0\" data-background=\"https:\/\/viva-expo.com\/wp-content\/uploads\/2025\/04\/12-1-e1744295019566.jpg\">\n\t        <div class=\"container\">\n\t            <div class=\"row\">\n\t                <div class=\"col-md-12\">\n\t                    <div class=\"text-center\">\n\t                        <div class=\"title animate-box\" data-animate-effect=\"fadeInUp\">\n\t                            <h1>\u5173\u4e8e\u6211\u4eec<\/h1>\n\t                        <\/div>\n\t                    <\/div>\n\t                <\/div>\n\t            <\/div>\n\t        <\/div>\n\t    <\/div>\n\t\t\t\t\t<\/div>\n\t\t\t\t<\/div>\n\t\t\t\t<\/div>\n\t\t\t\t<\/div>\n\t\t<div class=\"elementor-element elementor-element-c59088f e-con-full e-flex e-con e-parent\" data-id=\"c59088f\" data-element_type=\"container\">\n\t\t<div class=\"elementor-element elementor-element-a1e3a99 e-con-full e-flex e-con e-child\" data-id=\"a1e3a99\" data-element_type=\"container\">\n\t\t\t\t<div class=\"elementor-element elementor-element-17c0b0e elementor-align-left elementor-widget elementor-widget-bdevs-about\" data-id=\"17c0b0e\" data-element_type=\"widget\" data-widget_type=\"bdevs-about.default\">\n\t\t\t\t<div class=\"elementor-widget-container\">\n\t\t\t\t\t\t\t<div class=\"section-padding\">\n\t        <div class=\"container\">\n\t            <div class=\"row\">\n\t                <div class=\"col-md-3 mb-30 animate-box\" data-animate-effect=\"fadeInLeft\">\n\t                \t\t                    <span>\u5173\u4e8e\u6211\u4eec... <\/span>\n\t                \t\t                    \t                    <h2>\u878d\u6c47\u4e1c-\u897f\u6587\u5316\u7cbe\u9ad3\uff0c\u8d4b\u80fd\u5168\u7403\u54c1\u724c\u6210\u957f<\/h2>\n\t                    \t                <\/div>\n\t            <\/div>\n\t            <div class=\"row\">\n\t                <div class=\"col-md-7\">\n\t                    <div class=\"row\">\n\t                        <div class=\"col-md-3\"> <span class=\"line-one animate-box\" data-animate-effect=\"fadeInLeft\"><\/span> <\/div>\n\t                        <div class=\"col-md-8 animate-box\" data-animate-effect=\"fadeInLeft\">\n\t                            <p><b>\u6211\u4eec\u4e0d\u4ec5\u662f\u5c55\u53f0\u4e0e\u6d3b\u52a8\u7684\u6784\u7b51\u8005\uff0c\u66f4\u662f\u4f53\u9a8c\u7684\u5267\u573a\u5bfc\u6f14\u3002\u4ece\u7b56\u7565\u7684\u7b2c\u4e00\u7c92\u661f\u706b\uff0c\u5230\u7a7a\u95f4\u7684\u6700\u7ec8\u5b9a\u683c\uff0c\n\u6bcf\u4e2a\u7ef4\u5ea6\u90fd\u6697\u85cf\u7cbe\u5fc3\u8bbe\u8ba1\u7684\u53d9\u4e8b\u8bed\u6cd5\u3002<\/b><\/p><p><b>\u5b8c\u7f8e\u7684\u5c55\u53f0\uff0c\u662f\u5404\u9886\u57df\u6280\u827a\u7684\u4ea4\u54cd\u4e50\u3002\u6728\u827a\u7684\u6e29\u6da6\u3001\u91d1\u5c5e\u7684\u51b7\u611f\u3001\u8272\u5f69\u7684\u53d9\u4e8b\u3001\u8f6f\u88c5\u7684\u97f5\u5f8b\uff0c\n\u6240\u6709\u5143\u7d20\u5728\u7cbe\u51c6\u7684\u8282\u62cd\u4e2d\u8fbe\u6210\u548c\u8c10\u5171\u9e23\u3002\u00a0<\/b><\/p><p>VIVA-EXPO | \u5c55\u4f1a\u4e0e\u6d3b\u52a8\u89e3\u51b3\u65b9\u6848\u4ea4\u54cd\u5e08\uff0c\u6211\u4eec\u953b\u9020\u5c55\u53f0\uff0c\u66f4\u7f16\u7ec7\u54c1\u724c\u78c1\u573a\u3002\n\u4ece\u91d1\u5c5e\u9aa8\u9abc\u5230\u6570\u5b57\u795e\u7ecf\uff0c\n\u4ece\u5e73\u9762\u50cf\u7d20\u5230\u7a7a\u95f4\u5f15\u529b\uff0c\n\u6bcf\u4e2a\u7acb\u65b9\u5398\u7c73\u90fd\u5728\u8bb2\u8ff0\u60a8\u7684\u5546\u4e1a\u53f2\u8bd7\u3002<\/p><p>\u6211\u4eec\u4e3a\u60a8\u63d0\u4f9b\u5168\u65b9\u4f4d\u7684\u4f1a\u5c55\u4ee5\u53ca\u6d3b\u52a8\u670d\u89e3\u51b3\u65b9\u6848\u3002\u4f9d\u6258\u56fd\u9645\u5316\u7684\u4e13\u4e1a\u8bbe\u8ba1\u56e2\u961f\u548c\u7cbe\u76ca\u6c42\u7cbe\u7684\u5236\u9020\u56e2\u961f\uff0c\u6211\u4eec\u80fd\u591f\u4e3a\u60a8\u63d0\u4f9b\u4ece\u521b\u610f\u8bbe\u8ba1\uff0c\u751f\u4ea7\u4e0e\u5236\u4f5c\uff0c\u9879\u76ee\u7ba1\u7406\u3001\u8bbe\u5907\u79df\u8d41\u3001\u7269\u6d41\u8fd0\u8f93\u4e00\u7ad9\u5f0f\u670d\u52a1\uff0c\u786e\u4fdd\u60a8\u7684\u5c55\u53f0\u548c\u6d3b\u52a8\u5b8c\u7f8e\u5448\u73b0\u3002<\/p><p>VIVA-EXPO | \u60a8\u7684\u5168\u6d41\u7a0b\u5c55\u4f1a\u4ee5\u53ca\u6d3b\u52a8\u7ba1\u5bb6\uff0c\u6211\u4eec\u4ee5\u5df4\u9ece\u4e3a\u67a2\u7ebd\uff0c\u5e03\u5c40\u6b27\u6d32\uff0c\u4ece\u7b56\u7565\u5230\u843d\u5730\u7684\u5b8c\u6574\u4f1a\u5c55\u65b9\u6848\u3002<\/p>\t                            \t                            <div class=\"row\">\n\t                                <div class=\"col-md-12 text-left mb-60\">\n\t                                    <div class=\"yearimg\">\n\t                                        <div class=\"numb\">8<\/div>\n\t                                    <\/div>\n\t                                    <div class=\"year\">\n\t                                        <h6 class=\"small-title\">\u54c1\u724c\u89e6\u70b9\u77e9\u9635 | \u5168\u9762\u751f\u6001\u670d\u52a1\u94fe<\/h6>\n\t                                        <h4 class=\"title\">\u516b\u8f7d\u6df1\u8015\uff0c\u4e13\u4e1a\u79ef\u6dc0\uff0c\u6210\u5c31\u5353\u8d8a\u54c1\u8d28\u3002 <\/h4>\n\t                                    <\/div>\n\t                                <\/div>\n\t                            <\/div>\n\t                        \t\t                        <\/div>\n\t                    <\/div>\n\t                <\/div>\n\t                <div class=\"col-md-5\">\n\t                    <div class=\"arcprime-about-img animate-box\" data-animate-effect=\"fadeInLeft\">\n\t                        <div class=\"img\"> <img decoding=\"async\" src=\"https:\/\/viva-expo.com\/wp-content\/uploads\/2025\/04\/istockphoto-149418736-2048x2048-2.jpg\" alt=\"\"> <\/div>\n\t                    <\/div>\n\t                <\/div>\n\t            <\/div>\n\t        <\/div>\n\t\t\t\n\t\t\t\n\t    <\/div>\n\t\t\t\t\t<\/div>\n\t\t\t\t<\/div>\n\t\t\t\t<div class=\"elementor-element elementor-element-79f4599 elementor-align-left elementor-widget elementor-widget-bdevs-client\" data-id=\"79f4599\" data-element_type=\"widget\" data-widget_type=\"bdevs-client.default\">\n\t\t\t\t<div class=\"elementor-widget-container\">\n\t\t\t\t\t\t\t<!-- Partners -->\n\t    <div class=\"partner section-padding\">\n\t        <div class=\"container\">\n\t            <div class=\"row\">\n\t                <div class=\"col-md-3 mb-30 animate-box\" data-animate-effect=\"fadeInLeft\"> \n\t                \t\t                    <span>\u5168\u7403\u54c1\u724c\u4e4b\u9009<\/span>\n\t                \t\t                    \t                    <h2>\u643a\u624b\u5353\u8d8a\uff5c\u4ef7\u503c\u5171\u751f<\/h2>\n\t                    \t                <\/div>\n\t            <\/div>\n\t            <div class=\"row\">\n\t                <div class=\"col-md-3\">\n\t                    <div class=\"row\">\n\t                        <div class=\"col-md-12\">\n\t                            \t\t\t                    <p>\u5168\u7403\u9879\u76ee\u5408\u4f5c\u4f19\u4f34\u9ad8\u5ea6\u8d5e\u8a89\u6211\u4eec\u7684\u4e00\u7ad9\u5f0f\u4e13\u4e1a\u670d\u52a1\uff0c\u7279\u522b\u8ba4\u53ef\u5176\u5168\u65b9\u4f4d\u3001\u56fd\u9645\u5316\u3001\u5353\u8d8a\u54c1\u8d28\u4e0e\u9ad8\u6548\u6267\u884c\u3002\"<\/p><p>La fid\u00e9lit\u00e9 de nos partenaires t\u00e9moigne de notre engagement sans compromis sur la qualit\u00e9 et l'exp\u00e9rience client.<\/p>\t\t\t                    \t                        <\/div>\n\t                    <\/div>\n\t                <\/div>\n\t                <div class=\"col-md-9\">\n\t                    <div class=\"row\">\n\t                    \t \n\t\t\t\t\t\t\t\t                        <div class=\"col-md-3\">\n\t                            <div class=\"item\"> <img decoding=\"async\" src=\"https:\/\/viva-expo.com\/wp-content\/uploads\/2025\/04\/tik-tok-logo-.jpg\" alt=\"image\"> <\/div>\n\t                        <\/div>\n\t                        \t                    \t \n\t\t\t\t\t\t\t\t                        <div class=\"col-md-3\">\n\t                            <div class=\"item\"> <img decoding=\"async\" src=\"https:\/\/viva-expo.com\/wp-content\/uploads\/2025\/04\/jo-chine-logo-.jpg\" alt=\"image\"> <\/div>\n\t                        <\/div>\n\t                        \t                    \t \n\t\t\t\t\t\t\t\t                        <div class=\"col-md-3\">\n\t                            <div class=\"item\"> <img decoding=\"async\" src=\"https:\/\/viva-expo.com\/wp-content\/uploads\/2025\/04\/luzhou-laojia-logo-.jpg\" alt=\"image\"> <\/div>\n\t                        <\/div>\n\t                        \t                    \t \n\t\t\t\t\t\t\t\t                        <div class=\"col-md-3\">\n\t                            <div class=\"item no-bord\"> <img decoding=\"async\" src=\"https:\/\/viva-expo.com\/wp-content\/uploads\/2025\/04\/alipay-logo-.jpg\" alt=\"image\"> <\/div>\n\t                        <\/div>\n\t                        <div class=\"bord col-md-12\"><\/div>\n\t                    \t\t                    \t \n\t\t\t\t\t\t\t\t                        <div class=\"col-md-3\">\n\t                            <div class=\"item\"> <img decoding=\"async\" src=\"https:\/\/viva-expo.com\/wp-content\/uploads\/2025\/04\/taishan-sporte-logo-.jpg\" alt=\"image\"> <\/div>\n\t                        <\/div>\n\t                        \t                    \t \n\t\t\t\t\t\t\t\t                        <div class=\"col-md-3\">\n\t                            <div class=\"item\"> <img decoding=\"async\" src=\"https:\/\/viva-expo.com\/wp-content\/uploads\/2025\/04\/Tmall-logo-.jpg\" alt=\"image\"> <\/div>\n\t                        <\/div>\n\t                        \t                    \t \n\t\t\t\t\t\t\t\t                        <div class=\"col-md-3\">\n\t                            <div class=\"item\"> <img decoding=\"async\" src=\"https:\/\/viva-expo.com\/wp-content\/uploads\/2025\/04\/forthing-.jpg\" alt=\"image\"> <\/div>\n\t                        <\/div>\n\t                        \t                    \t \n\t\t\t\t\t\t\t\t                    \t<div class=\"col-md-3\">\n\t                            <div class=\"item no-bord\"> <img decoding=\"async\" src=\"https:\/\/viva-expo.com\/wp-content\/uploads\/2025\/04\/JD.com-logo-.jpg\" alt=\"image\"> <\/div>\n\t                        <\/div>\n\t                    \t\t                    \t \n\t\t\t\t\t\t\t\t                        <div class=\"col-md-3\">\n\t                            <div class=\"item\"> <img decoding=\"async\" src=\"https:\/\/viva-expo.com\/wp-content\/uploads\/2025\/04\/Tencent-.jpg\" alt=\"image\"> <\/div>\n\t                        <\/div>\n\t                        \t                    \t \n\t\t\t\t\t\t\t\t                        <div class=\"col-md-3\">\n\t                            <div class=\"item\"> <img decoding=\"async\" src=\"https:\/\/viva-expo.com\/wp-content\/uploads\/2025\/04\/JO-paris-2024-logo-.jpg\" alt=\"image\"> <\/div>\n\t                        <\/div>\n\t                        \t                    \t \n\t\t\t\t\t\t\t\t                        <div class=\"col-md-3\">\n\t                            <div class=\"item\"> <img decoding=\"async\" src=\"https:\/\/viva-expo.com\/wp-content\/uploads\/2025\/04\/xiaomi-logo.jpg\" alt=\"image\"> <\/div>\n\t                        <\/div>\n\t                        \t                    \t \n\t\t\t\t\t\t\t\t                        <div class=\"col-md-3\">\n\t                            <div class=\"item\"> <img decoding=\"async\" src=\"https:\/\/viva-expo.com\/wp-content\/uploads\/2025\/04\/meilsound-logo.jpg\" alt=\"image\"> <\/div>\n\t                        <\/div>\n\t                        \t                    \t \n\t\t\t\t\t\t\t\t                        <div class=\"col-md-3\">\n\t                            <div class=\"item\"> <img decoding=\"async\" src=\"https:\/\/viva-expo.com\/wp-content\/uploads\/2025\/04\/byd-logo-.jpg\" alt=\"image\"> <\/div>\n\t                        <\/div>\n\t                        \t                    \t \n\t\t\t\t\t\t\t\t                        <div class=\"col-md-3\">\n\t                            <div class=\"item\"> <img decoding=\"async\" src=\"https:\/\/viva-expo.com\/wp-content\/uploads\/2025\/04\/hongqi-logo-.jpg\" alt=\"image\"> <\/div>\n\t                        <\/div>\n\t                        \t                    \t \n\t\t\t\t\t\t\t\t                        <div class=\"col-md-3\">\n\t                            <div class=\"item\"> <img decoding=\"async\" src=\"https:\/\/viva-expo.com\/wp-content\/uploads\/2025\/04\/pfizer-logo-.jpg\" alt=\"image\"> <\/div>\n\t                        <\/div>\n\t                        \t                    \t \n\t\t\t\t\t\t\t\t                        <div class=\"col-md-3\">\n\t                            <div class=\"item\"> <img decoding=\"async\" src=\"https:\/\/viva-expo.com\/wp-content\/uploads\/2025\/04\/avic-logo-.jpg\" alt=\"image\"> <\/div>\n\t                        <\/div>\n\t                        \t                    \t \n\t\t\t\t\t\t\t\t                        <div class=\"col-md-3\">\n\t                            <div class=\"item\"> <img decoding=\"async\" src=\"https:\/\/viva-expo.com\/wp-content\/uploads\/2025\/05\/huawei-1-1.jpg\" alt=\"image\"> <\/div>\n\t                        <\/div>\n\t                        \t                    \t \n\t\t\t\t\t\t\t\t                        <div class=\"col-md-3\">\n\t                            <div class=\"item\"> <img decoding=\"async\" src=\"https:\/\/viva-expo.com\/wp-content\/uploads\/2025\/05\/samun-lisa-.jpg\" alt=\"image\"> <\/div>\n\t                        <\/div>\n\t                        \t                    \t \n\t\t\t\t\t\t\t\t                        <div class=\"col-md-3\">\n\t                            <div class=\"item\"> <img decoding=\"async\" src=\"https:\/\/viva-expo.com\/wp-content\/uploads\/2025\/05\/viparis-1.jpg\" alt=\"image\"> <\/div>\n\t                        <\/div>\n\t                        \t                    \t \n\t\t\t\t\t\t\t\t                        <div class=\"col-md-3\">\n\t                            <div class=\"item\"> <img decoding=\"async\" src=\"https:\/\/viva-expo.com\/wp-content\/uploads\/2025\/05\/mnaag-1-1.jpg\" alt=\"image\"> <\/div>\n\t                        <\/div>\n\t                        \t                    \t \n\t\t\t\t\t\t\t\t                        <div class=\"col-md-3\">\n\t                            <div class=\"item\"> <img decoding=\"async\" src=\"https:\/\/viva-expo.com\/wp-content\/uploads\/2025\/05\/xiamen-air-1.jpg\" alt=\"image\"> <\/div>\n\t                        <\/div>\n\t                        \t                    \t \n\t\t\t\t\t\t\t\t                        <div class=\"col-md-3\">\n\t                            <div class=\"item\"> <img decoding=\"async\" src=\"https:\/\/viva-expo.com\/wp-content\/uploads\/2025\/05\/Fenghuang-1-1.jpg\" alt=\"image\"> <\/div>\n\t                        <\/div>\n\t                        \t                    \t \n\t\t\t\t\t\t\t\t                        <div class=\"col-md-3\">\n\t                            <div class=\"item\"> <img decoding=\"async\" src=\"https:\/\/viva-expo.com\/wp-content\/uploads\/2025\/05\/zhejiang-1-1.jpg\" alt=\"image\"> <\/div>\n\t                        <\/div>\n\t                        \t                    \t \n\t\t\t\t\t\t\t\t                        <div class=\"col-md-3\">\n\t                            <div class=\"item\"> <img decoding=\"async\" src=\"https:\/\/viva-expo.com\/wp-content\/uploads\/2025\/05\/embassade-chinoise-1-1.jpg\" alt=\"image\"> <\/div>\n\t                        <\/div>\n\t                        \t                    \t \n\t\t\t\t\t\t\t\t                        <div class=\"col-md-3\">\n\t                            <div class=\"item\"> <img decoding=\"async\" src=\"https:\/\/viva-expo.com\/wp-content\/uploads\/2025\/05\/\u672a\u6807\u9898-5-1.jpg\" alt=\"image\"> <\/div>\n\t                        <\/div>\n\t                        \t                    \t \n\t\t\t\t\t\t\t\t                        <div class=\"col-md-3\">\n\t                            <div class=\"item\"> <img decoding=\"async\" src=\"https:\/\/viva-expo.com\/wp-content\/uploads\/2025\/05\/potel-chabot-.png\" alt=\"image\"> <\/div>\n\t                        <\/div>\n\t                        \t                    \t \n\t\t\t\t\t\t\t\t                        <div class=\"col-md-3\">\n\t                            <div class=\"item\"> <img decoding=\"async\" src=\"https:\/\/viva-expo.com\/wp-content\/uploads\/2025\/05\/Chateau-guiraud-1-1.jpg\" alt=\"image\"> <\/div>\n\t                        <\/div>\n\t                        \t                    \t \n\t\t\t\t\t\t\t\t                        <div class=\"col-md-3\">\n\t                            <div class=\"item\"> <img decoding=\"async\" src=\"https:\/\/viva-expo.com\/wp-content\/uploads\/2025\/05\/grand-palais-1-1.jpg\" alt=\"image\"> <\/div>\n\t                        <\/div>\n\t                        \t                    \t \n\t\t\t\t\t\t\t\t                        <div class=\"col-md-3\">\n\t                            <div class=\"item\"> <img decoding=\"async\" src=\"https:\/\/viva-expo.com\/wp-content\/uploads\/2025\/05\/Lenotre_Logo-1.jpg\" alt=\"image\"> <\/div>\n\t                        <\/div>\n\t                        \t                    \t \n\t\t\t\t\t\t\t\t                        <div class=\"col-md-3\">\n\t                            <div class=\"item\"> <img decoding=\"async\" src=\"https:\/\/viva-expo.com\/wp-content\/uploads\/2025\/05\/unesco-1.jpg\" alt=\"image\"> <\/div>\n\t                        <\/div>\n\t                        \t                    \t \n\t\t\t\t\t\t\t\t                        <div class=\"col-md-3\">\n\t                            <div class=\"item\"> <img decoding=\"async\" src=\"https:\/\/viva-expo.com\/wp-content\/uploads\/2025\/05\/Alibaba-Logo-1.jpg\" alt=\"image\"> <\/div>\n\t                        <\/div>\n\t                        \t                    \t \n\t\t\t\t\t\t\t\t                        <div class=\"col-md-3\">\n\t                            <div class=\"item\"> <img decoding=\"async\" src=\"https:\/\/viva-expo.com\/wp-content\/uploads\/2025\/05\/Musee_du_Louvre_1992_logo-1-1.jpg\" alt=\"image\"> <\/div>\n\t                        <\/div>\n\t                        \t                    \t \n\t\t\t\t\t\t\t\t                        <div class=\"col-md-3\">\n\t                            <div class=\"item\"> <img decoding=\"async\" src=\"https:\/\/viva-expo.com\/wp-content\/uploads\/2025\/05\/ctrip-logo-1-1.jpg\" alt=\"image\"> <\/div>\n\t                        <\/div>\n\t                        \t                    \t \n\t\t\t\t\t\t\t\t                        <div class=\"col-md-3\">\n\t                            <div class=\"item\"> <img decoding=\"async\" src=\"https:\/\/viva-expo.com\/wp-content\/uploads\/2025\/05\/MAD-1.png\" alt=\"image\"> <\/div>\n\t                        <\/div>\n\t                        \t                    \t\t                    <\/div>\n\t                <\/div>\n\t            <\/div>\n\t        <\/div>\n\t    <\/div>\n\t\t\t\t\t<\/div>\n\t\t\t\t<\/div>\n\t\t\t\t<\/div>\n\t\t\t\t<\/div>\n\t\t\t\t<\/div>","protected":false},"excerpt":{"rendered":"<p>\u00c0 propos Qui sommes-nous \u00c0 propos de notre soci\u00e9t\u00e9 d&rsquo;exposition Une entreprise d&rsquo;exposition d&rsquo;un tout autre genre. Expositino est \u00e0 la fois le processus et le produit de la planification, de la conception et de la construction.Un stand parfaitement coordonn\u00e9 r\u00e9unit tous les corps de m\u00e9tier : menuiserie, m\u00e9tallerie, peinture, d\u00e9coration d&rsquo;int\u00e9rieur, etc&#8230;\u00a0VIVA-EXPO est un [&hellip;]<\/p>","protected":false},"author":1,"featured_media":0,"parent":0,"menu_order":0,"comment_status":"closed","ping_status":"closed","template":"page-templates\/home-light.php","meta":{"inline_featured_image":false,"_monsterinsights_skip_tracking":false,"_monsterinsights_sitenote_active":false,"_monsterinsights_sitenote_note":"","_monsterinsights_sitenote_category":0,"footnotes":""},"class_list":["post-32","page","type-page","status-publish","hentry"],"_links":{"self":[{"href":"https:\/\/viva-expo.com\/%e4%b8%ad%e6%96%87\/wp-json\/wp\/v2\/pages\/32","targetHints":{"allow":["GET"]}}],"collection":[{"href":"https:\/\/viva-expo.com\/%e4%b8%ad%e6%96%87\/wp-json\/wp\/v2\/pages"}],"about":[{"href":"https:\/\/viva-expo.com\/%e4%b8%ad%e6%96%87\/wp-json\/wp\/v2\/types\/page"}],"author":[{"embeddable":true,"href":"https:\/\/viva-expo.com\/%e4%b8%ad%e6%96%87\/wp-json\/wp\/v2\/users\/1"}],"replies":[{"embeddable":true,"href":"https:\/\/viva-expo.com\/%e4%b8%ad%e6%96%87\/wp-json\/wp\/v2\/comments?post=32"}],"version-history":[{"count":66,"href":"https:\/\/viva-expo.com\/%e4%b8%ad%e6%96%87\/wp-json\/wp\/v2\/pages\/32\/revisions"}],"predecessor-version":[{"id":3876,"href":"https:\/\/viva-expo.com\/%e4%b8%ad%e6%96%87\/wp-json\/wp\/v2\/pages\/32\/revisions\/3876"}],"wp:attachment":[{"href":"https:\/\/viva-expo.com\/%e4%b8%ad%e6%96%87\/wp-json\/wp\/v2\/media?parent=32"}],"curies":[{"name":"wp","href":"https:\/\/api.w.org\/{rel}","templated":true}]}}